
What is the highest common divisor of 1475 and 50799?
59
Calculate the greatest common divisor of 877 and 3648320.
877
What is the greatest common factor of 992 and 22688?
32
What is the greatest common divisor of 5225 and 171?
19
What is the highest common divisor of 45 and 383?
1
What is the greatest common factor of 86559 and 6149?
473
What is the greatest common divisor of 418048 and 1564?
92
What is the highest common divisor of 4445 and 770?
35
Calculate the highest common divisor of 108 and 296604.
36
What is the highest common divisor of 828 and 23322?
138
What is the highest common factor of 452604 and 60?
12
What is the greatest common divisor of 143 and 3135?
11
Calculate the highest common divisor of 380 and 26817740.
380
Calculate the highest common divisor of 623585 and 10.
5
Calculate the highest common factor of 35 and 817495.
35
What is the greatest common divisor of 759 and 2255?
11
What is the highest common divisor of 7392 and 169323?
231
What is the greatest common factor of 3346707 and 52?
13
What is the greatest common factor of 160 and 1190?
10
Calculate the greatest common factor of 75 and 179175.
75
What is the greatest common factor of 41666 and 2008?
502
What is the greatest common divisor of 6695 and 3133?
13
Calculate the greatest common factor of 549 and 117.
9
What is the highest common divisor of 205 and 38581?
41
Calculate the greatest common factor of 40090 and 2014.
38
Calculate the highest common factor of 2775 and 18165.
15
Calculate the highest common divisor of 39 and 1969097.
13
Calculate the greatest common divisor of 235692 and 36.
36
Calculate the highest common divisor of 16596 and 2844.
36
What is the highest common divisor of 79194 and 81558?
1182
Calculate the highest common factor of 40868 and 9724.
68
Calculate the greatest common divisor of 92715 and 375.
15
Calculate the highest common factor of 70 and 168602.
14
What is the highest common factor of 4863968 and 1567?
1567
What is the highest common divisor of 235 and 9127400?
235
Calculate the highest common factor of 30 and 28470.
30
Calculate the highest common divisor of 1375 and 4015.
55
Calculate the highest common factor of 292204 and 14674.
638
Calculate the greatest common factor of 470015 and 1645.
35
What is the highest common factor of 1098 and 2438658?
1098
Calculate the greatest common factor of 687600 and 8404.
764
Calculate the highest common factor of 764 and 1548.
4
Calculate the greatest common factor of 2926 and 8008.
154
Calculate the greatest common factor of 111 and 6150621.
111
Calculate the highest common factor of 90491 and 136.
17
What is the highest common factor of 2751 and 33798?
393
What is the greatest common divisor of 95 and 313367?
19
What is the greatest common factor of 4422 and 682?
22
Calculate the greatest common divisor of 3060 and 4440.
60
What is the greatest common divisor of 8136 and 104?
8
Calculate the highest common factor of 143429 and 1859.
143
Calculate the greatest common divisor of 1798755 and 21.
21
Calculate the greatest common divisor of 36 and 116982.
18
What is the greatest common divisor of 780905 and 1645?
235
Calculate the highest common factor of 803 and 2893.
11
Calculate the highest common factor of 40 and 214320.
40
What is the highest common factor of 83750 and 7102?
134
Calculate the greatest common factor of 969 and 1083.
57
Calculate the greatest common divisor of 131488 and 3584.
224
What is the highest common divisor of 134 and 39999?
67
What is the greatest common divisor of 2712 and 1560078?
678
What is the highest common divisor of 1600 and 6280?
40
Calculate the greatest common divisor of 25 and 110700.
25
What is the highest common factor of 317 and 1481975?
317
Calculate the highest common divisor of 50471 and 34468.
1231
What is the highest common divisor of 7358 and 93956?
566
Calculate the greatest common divisor of 136210 and 36494.
514
What is the highest common factor of 4 and 1756036?
4
What is the greatest common divisor of 402 and 22445?
67
What is the highest common divisor of 1381290 and 80?
10
What is the greatest common factor of 137139 and 2856?
51
Calculate the greatest common divisor of 26019 and 48951.
441
What is the greatest common divisor of 1027021 and 51?
17
What is the greatest common divisor of 526 and 4223517?
263
What is the greatest common divisor of 29252 and 32092?
284
What is the highest common factor of 8 and 5640?
8
What is the greatest common factor of 574 and 4589704?
574
What is the highest common divisor of 66 and 188592?
6
Calculate the highest common factor of 360 and 2235.
15
Calculate the highest common factor of 1139 and 39797.
17
Calculate the greatest common factor of 70 and 618625.
35
What is the highest common factor of 24 and 1236?
12
Calculate the greatest common factor of 15190 and 16895.
155
What is the highest common divisor of 2132 and 2106?
26
Calculate the highest common divisor of 109 and 113.
1
Calculate the highest common factor of 6059 and 11826.
73
What is the highest common factor of 9861 and 4674?
57
What is the greatest common factor of 93002 and 10192?
1274
Calculate the highest common divisor of 848 and 136687.
53
Calculate the highest common factor of 2471 and 12397.
7
What is the greatest common factor of 7029 and 11913?
33
Calculate the highest common factor of 7375 and 75815.
295
Calculate the highest common divisor of 153 and 310879.
17
What is the highest common factor of 7 and 2039744?
7
What is the highest common divisor of 210 and 24465?
105
What is the highest common divisor of 558396 and 36?
36
Calculate the highest common divisor of 5922 and 6.
6
What is the highest common factor of 474780 and 6396?
492
Calculate the greatest common factor of 113035 and 148.
37
Calculate the greatest common divisor of 25201 and 4026.
11
What is the greatest common factor of 320 and 122480?
80
Calculate the highest common factor of 3718 and 1172522.
338
What is the highest common divisor of 1521 and 10309?
169
What is the greatest common divisor of 12720348 and 38?
38
Calculate the greatest common divisor of 26078 and 26.
26
What is the greatest common divisor of 19 and 111492?
19
Calculate the highest common divisor of 2929 and 15049.
101
What is the highest common factor of 329897 and 2522?
97
Calculate the highest common factor of 184 and 11086.
46
What is the highest common factor of 380868 and 4?
4
Calculate the greatest common divisor of 292 and 110.
2
Calculate the highest common factor of 81242 and 56.
14
Calculate the greatest common divisor of 2780 and 380.
20
Calculate the greatest common factor of 807 and 177.
3
What is the highest common factor of 10 and 37340?
10
Calculate the greatest common divisor of 265 and 844025.
265
Calculate the highest common factor of 11242 and 28336.
154
What is the greatest common factor of 7560 and 161730?
270
Calculate the highest common divisor of 45 and 717105.
15
What is the greatest common divisor of 114 and 44061?
57
What is the greatest common divisor of 1127 and 246813?
1127
Calculate the highest common divisor of 169 and 30979.
13
What is the greatest common divisor of 154112 and 127232?
1792
What is the highest common divisor of 570 and 105?
15
Calculate the greatest common factor of 324 and 165888.
324
What is the highest common factor of 1470 and 8869?
49
Calculate the greatest common divisor of 1665702 and 522.
522
What is the highest common factor of 2508 and 36?
12
What is the highest common factor of 748 and 56984?
68
What is the highest common divisor of 53157 and 43152?
87
Calculate the greatest common factor of 304 and 1853944.
152
What is the greatest common divisor of 5432 and 368?
8
Calculate the highest common factor of 16629 and 2829.
69
What is the greatest common divisor of 230 and 40342?
46
Calculate the greatest common factor of 465555 and 861.
123
Calculate the highest common divisor of 1628 and 35668.
148
Calculate the greatest common factor of 45056 and 3200.
128
What is the greatest common divisor of 67 and 3057277?
67
What is the highest common factor of 65 and 805?
5
Calculate the highest common divisor of 87 and 327.
3
What is the greatest common divisor of 2335 and 745?
5
What is the highest common factor of 58 and 514837?
29
C